 29153
What are the prime factors of 24282698?
2, 11, 17, 64927
What are the prime factors of 7193231?
7193231
What are the prime factors of 400974562?
2, 200487281
List the prime factors of 82703381.
31, 2667851
List the prime factors of 719985998.
2, 557, 646307
List the prime factors of 56146560.
2, 3, 5, 29243
What are the prime factors of 52076847?
3, 41, 423389
List the prime factors of 664501138.
2, 7, 47464367
What are the prime factors of 1133915661?
3, 125990629
List the prime factors of 1629810515.
5, 1279, 254857
What are the prime factors of 4175693?
17, 245629
What are the prime factors of 54595234?
2, 27297617
What are the prime factors of 3736063567?
37, 1087, 92893
What are the prime factors of 2079637501?
2079637501
List the prime factors of 42118833.
3, 71, 197741
What are the prime factors of 443083952?
2, 19, 1457513
List the prime factors of 31258234.
2, 7, 53, 103, 409
List the prime factors of 3142722315.
3, 5, 29, 127, 163, 349
List the prime factors of 75232979.
677, 111127
What are the prime factors of 61961733?
3, 2294879
What are the prime factors of 353967701?
19, 43, 433253
What are the prime factors of 658909909?
7, 127, 105883
What are the prime factors of 242263786?
2, 71, 73, 23371
List the prime factors of 256037710.
2, 5, 25603771
What are the prime factors of 58605385?
5, 11721077
List the prime factors of 6053759723.
11, 59, 457, 20411
What are the prime factors of 449262993?
3, 59, 421, 6029
List the prime factors of 26835628.
2, 6708907
List the prime factors of 1203087200.
2, 5, 7, 47, 653
List the prime factors of 11572870.
2, 5, 491, 2357
List the prime factors of 4877929.
7, 17, 179, 229
What are the prime factors of 2393685546?
2, 3, 7, 56992513
List the prime factors of 1066310809.
431, 2474039
What are the prime factors of 4051124?
2, 7, 11, 1879
What are the prime factors of 47817858?
2, 3, 11, 724513
List the prime factors of 360368265.
3, 5, 1831, 13121
List the prime factors of 93402358.
2, 7, 6671597
List the prime factors of 91450653.
3, 7, 107, 40699
What are the prime factors of 54808465?
5, 31, 353603
What are the prime factors of 11937073?
19, 628267
What are the prime factors of 273016821?
3, 7, 11, 17, 37, 1879
What are the prime factors of 37996286?
2, 18998143
List the prime factors of 4176234630.
2, 3, 5, 1423, 32609
What are the prime factors of 102779348?
2, 7, 17, 263, 821
List the prime factors of 23354641.
139, 401, 419
What are the prime factors of 144967068?
2, 3, 23, 175081
What are the prime factors of 559850536?
2, 7, 107, 233, 401
List the prime factors of 80553606.
2, 3, 7, 1917943
What are the prime factors of 356823110?
2, 5, 7, 5097473
List the prime factors of 554368249.
17, 32609897
List the prime factors of 574697676.
2, 3, 7, 101, 9677
List the prime factors of 3474752441.
47, 139, 531877
List the prime factors of 43217510.
2, 5, 7, 89, 991
List the prime factors of 143250551.
17, 8426503
What are the prime factors of 40964852?
2, 307, 33359
List the prime factors of 1332274268.
2, 13, 29, 883471
What are the prime factors of 21515143?
13, 23, 47, 1531
What are the prime factors of 34750664?
2, 13, 113, 2957
List the prime factors of 522646486.
2, 47, 5560069
What are the prime factors of 3026689246?
2, 7, 19, 43, 71, 3727
List the prime factors of 57609751.
57609751
List the prime factors of 475952663.
475952663
What are the prime factors of 14317719?
3, 13, 367121
List the prime factors of 107954731.
2711, 39821
What are the prime factors of 311349539?
29, 10736191
What are the prime factors of 14739078?
2, 3, 241, 10193
List the prime factors of 3958385089.
1873, 2113393
List the prime factors of 2277504925.
5, 2879, 31643
What are the prime factors of 1077945983?
83, 641, 20261
What are the prime factors of 1119152138?
2, 13, 3311101
List the prime factors of 5410708.
2, 127, 10651
What are the prime factors of 5557221368?
2, 1151, 603521
List the prime factors of 3234198598.
2, 3719, 434821
List the prime factors of 3647274989.
151, 24154139
What are the prime factors of 1548495953?
19, 23, 3543469
List the prime factors of 352748893.
7, 1423, 5059
List the prime factors of 313530494.
2, 156765247
What are the prime factors of 1138943?
13, 79, 1109
What are the prime factors of 34762338?
2, 3, 13, 23, 2153
List the prime factors of 243101464.
2, 41, 741163
List the prime factors of 728920601.
7541, 96661
What are the prime factors of 143524062?
2, 3, 11, 19, 157
List the prime factors of 16888077.
3, 1876453
List the prime factors of 6387210.
2, 3, 5, 70969
List the prime factors of 3043041930.
2, 3, 5, 241, 140297
List the prime factors of 1237382335.
5, 7, 151, 234131
List the prime factors of 1316837429.
1549, 850121
What are the prime factors of 973416555?
3, 5, 1901, 3793
What are the prime factors of 1684397151?
3, 187155239
List the prime factors of 2116039269.
3, 705346423
List the prime factors of 1481913070.
2, 5, 11, 659, 20443
What are the prime factors of 25838855?
5, 7, 29, 25457
What are the prime factors of 24700662?
2, 3, 7, 43, 47, 97
List the prime factors of 7053108828.
2, 3, 227, 2589247
What are the prime factors of 815588748?
2, 3, 13, 1742711
What are the prime factors of 14264409?
3, 647, 7349
List the prime factors of 62388351.
3, 17, 23, 17729
List the prime factors of 766981823.
766981823
List the prime factors of 1376388202.
2, 7, 98313443
What are the prime factors of 2037159380?
2, 5, 2609, 39041
What are the prime factors of 74090677?
43, 67, 25717
What are the prime factors of 1682470337?
1682470337
List the prime factors of 6229733946.
2, 3, 17, 19, 61, 52697
What are the prime factors of 456408203?
1549, 294647
List the prime factors of 8536654367.
607, 673, 20897
List the prime factors of 113150266.
2, 17, 3327949
List the prime factors of 81909823.
37, 103, 21493
What are the prime factors of 7012745?
5, 73, 19213
What are the prime factors of 917088370?
2, 5, 11, 8337167
List the prime factors of 4560451438.
2, 653, 3491923
What are the prime factors of 941332?
2, 7, 33619
What are the prime factors of 1735084618?
2, 47, 1087, 16981
What are the prime factors of 929720902?
2, 11, 42260041
What are the prime factors of 875077298?
2, 149, 1399, 2099
List the prime factors of 223568076.
2, 3, 29, 22153
List the prime factors of 1719707211.
3, 3581, 53359
What are the prime factors of 305309873?
11, 3877, 7159
What are the prime factors of 27575566?
2, 991, 13913
What are the prime factors of 308068041?
3, 102689347
List the prime factors of 383772453.
3, 127924151
List the prime factors of 512492600.
2, 5, 2562463
List the prime factors of 2598831165.
3, 5, 7, 24750773
What are the prime factors of 6413291735?
5, 17, 439, 171869
What are the prime factors of 212883387?
3, 59, 103, 11677
List the prime factors of 4456894800.
2, 3, 5, 31, 119809
List the prime factors of 7379341379.
163, 45272033
What are the prime factors of 122103656?
2, 17, 52813
List the prime factors of 717585767.
717585767
List the prime factors of 162341782.
2, 81170891
What are the prime factors of 27359627?
23, 263, 4523
List the prime factors of 5353224693.
3, 36559, 48809
List the prime factors of 62700575.
5, 7, 358289
What are the prime factors of 8019986872?
2, 10837, 92507
What are the prime factors of 5395773748?
2, 19, 70997023
What are the prime factors of 280533330?
2, 3, 5, 7, 11, 5783
What are the prime factors of 52768274?
2, 13, 2029549
What are the prime factors of 2058550907?
7, 37, 1135439
List the prime factors of 2001267597.
3, 7, 95298457
What are the prime factors of 1961576643?
3, 13, 23, 89, 24571
List the prime factors of 360509891.
7, 229, 224897
What are the prime factors of 58795096?
2, 31, 383, 619
List the prime factors of 2791784063.
53, 97, 439, 1237
List the prime factors of 1692134.
2, 846067
List the prime factors of 238744838.
2, 17, 1973, 3559
What are the prime factors of 76709156?
2, 19, 107, 9433
List the prime factors of 154529993.
154529993
What are the prime factors of 64107212?
2, 13, 1232831
List the prime factors of 364155216.
2, 3, 19, 227, 1759
List the prime factors of 5593306.
2, 17, 9677
What are the prime factors of 29738567?
691, 43037
What are the prime factors of 203335897?
89, 2284673
What a